{"id":439,"date":"2022-08-11T15:01:37","date_gmt":"2022-08-11T15:01:37","guid":{"rendered":"https:\/\/www.somseniors.com\/?page_id=439"},"modified":"2022-12-07T17:38:05","modified_gmt":"2022-12-07T17:38:05","slug":"la-salud-y-las-personas-mayores","status":"publish","type":"page","link":"https:\/\/www.somseniors.com\/web_es\/la-salud-y-las-personas-mayores\/","title":{"rendered":"La salud y las personas mayores"},"content":{"rendered":"\n<figure class=\"wp-block-image size-large\"><img loading=\"lazy\" decoding=\"async\" width=\"1024\" height=\"185\" src=\"https:\/\/www.somseniors.com\/web_es\/wp-content\/uploads\/2022\/12\/Captura-de-pantalla-2022-12-07-a-las-17.10.30-1024x185.png\" alt=\"\" class=\"wp-image-754\" srcset=\"https:\/\/www.somseniors.com\/web_es\/wp-content\/uploads\/2022\/12\/Captura-de-pantalla-2022-12-07-a-las-17.10.30-1024x185.png 1024w, https:\/\/www.somseniors.com\/web_es\/wp-content\/uploads\/2022\/12\/Captura-de-pantalla-2022-12-07-a-las-17.10.30-300x54.png 300w, https:\/\/www.somseniors.com\/web_es\/wp-content\/uploads\/2022\/12\/Captura-de-pantalla-2022-12-07-a-las-17.10.30-768x138.png 768w, https:\/\/www.somseniors.com\/web_es\/wp-content\/uploads\/2022\/12\/Captura-de-pantalla-2022-12-07-a-las-17.10.30-1536x277.png 1536w, https:\/\/www.somseniors.com\/web_es\/wp-content\/uploads\/2022\/12\/Captura-de-pantalla-2022-12-07-a-las-17.10.30.png 1764w\" sizes=\"auto, (max-width: 1024px) 100vw, 1024px\" \/><\/figure>\n\n\n\n<figure class=\"wp-block-image size-large\"><img loading=\"lazy\" decoding=\"async\" width=\"724\" height=\"1024\" src=\"https:\/\/www.somseniors.com\/web_es\/wp-content\/uploads\/2022\/12\/kkk-copia_Mesa-de-trabajo-1-copia-724x1024.jpg\" alt=\"\" class=\"wp-image-756\" srcset=\"https:\/\/www.somseniors.com\/web_es\/wp-content\/uploads\/2022\/12\/kkk-copia_Mesa-de-trabajo-1-copia-724x1024.jpg 724w, https:\/\/www.somseniors.com\/web_es\/wp-content\/uploads\/2022\/12\/kkk-copia_Mesa-de-trabajo-1-copia-212x300.jpg 212w, https:\/\/www.somseniors.com\/web_es\/wp-content\/uploads\/2022\/12\/kkk-copia_Mesa-de-trabajo-1-copia-768x1086.jpg 768w, https:\/\/www.somseniors.com\/web_es\/wp-content\/uploads\/2022\/12\/kkk-copia_Mesa-de-trabajo-1-copia-1086x1536.jpg 1086w, https:\/\/www.somseniors.com\/web_es\/wp-content\/uploads\/2022\/12\/kkk-copia_Mesa-de-trabajo-1-copia-1448x2048.jpg 1448w, https:\/\/www.somseniors.com\/web_es\/wp-content\/uploads\/2022\/12\/kkk-copia_Mesa-de-trabajo-1-copia-scaled.jpg 1811w\" sizes=\"auto, (max-width: 724px) 100vw, 724px\" \/><\/figure>\n\n\n\n<blockquote class=\"wp-block-quote is-layout-flow wp-block-quote-is-layout-flow\">\n<p><strong>No se puede tratar el envejecimiento como una enfermedad, sino como una etapa de la vida en la que la enfermedad puede aparecer<\/strong>.<\/p>\n<cite>Robert Butler<\/cite><\/blockquote>\n\n\n\n<div class=\"wp-block-columns alignwide cripto is-layout-flex wp-container-core-columns-is-layout-9d6595d7 wp-block-columns-is-layout-flex\">\n<div class=\"wp-block-column has-pale-pink-background-color has-text-color has-background has-link-color wp-elements-3be4d278f53527a123e6b3036d134272 is-layout-flow wp-block-column-is-layout-flow\" style=\"color:#000000;padding-top:2em;padding-right:2em;padding-bottom:2em;padding-left:2em\">\n<h2 class=\"wp-block-heading\" id=\"single\" style=\"font-size:40px\">\u274c Considerar el envejecimiento como sin\u00f3nimo de enfermedad <\/h2>\n\n\n\n<p class=\"has-normal-font-size\" style=\"line-height:1.5\"><strong>La mirada asistencialista, <strong>creyendo que la enfermedad y la vejez van unidas<\/strong>. Ser una persona mayor se percibe como sin\u00f3nimo de enfermedad, fragilidad y dependencia f\u00edsica.<\/strong><\/p>\n\n\n\n<p>Es una discriminaci\u00f3n creer que las personas mayores no tienen salud, que necesitan cuidados, que son fr\u00e1giles o dependientes&#8230;<\/p>\n\n\n\n<p>Pensar que todas las personas desarrollan un envejecimiento patol\u00f3gico, asociado a enfermedad es creencia que es totalmente err\u00f3nea.<\/p>\n<\/div>\n\n\n\n<div class=\"wp-block-column has-light-green-cyan-background-color has-text-color has-background has-link-color wp-elements-143cb5f268baa6a28d6872998d10bbf6 is-layout-flow wp-block-column-is-layout-flow\" style=\"color:#000000;padding-top:2em;padding-right:2em;padding-bottom:2em;padding-left:2em\">\n<h2 class=\"wp-block-heading\" id=\"family\" style=\"font-size:40px\">\u2705 Divulgar que predomina el envejecimiento normal y exitoso, no el envejecimiento patol\u00f3gico<\/h2>\n\n\n\n<p class=\"has-normal-font-size\" style=\"line-height:1.5\"><strong><strong>Un porcentaje considerable de personas tienen un envejecimiento normal y satisfactorio<\/strong>, tienen buena o muy buena salud.<\/strong><\/p>\n\n\n\n<p>Fuente: Valoraci\u00f3n del estado de salud percibido en los \u00faltimos 12 meses seg\u00fan grupos de edad. INE 2020.<\/p>\n\n\n\n<p><strong><em>Salud buena y muy buena<\/em><\/strong><\/p>\n\n\n\n<p>De 65 a 74 a\u00f1os = 70,05%<\/p>\n\n\n\n<ul class=\"wp-block-list\">\n<li>Hombres&nbsp; 72,2<\/li>\n\n\n\n<li>Mujeres&nbsp; 67,9<\/li>\n<\/ul>\n\n\n\n<p>De 75 a 84 a\u00f1os = 44,35%<\/p>\n\n\n\n<ul class=\"wp-block-list\">\n<li>Hombres&nbsp; 49,7<\/li>\n\n\n\n<li>Mujeres&nbsp; 39,0<\/li>\n<\/ul>\n\n\n\n<p>85 y m\u00e1s a\u00f1os = 33,65%<\/p>\n\n\n\n<ul class=\"wp-block-list\">\n<li>Hombres&nbsp; 38,5<\/li>\n\n\n\n<li>Mujeres&nbsp; 28,8<\/li>\n<\/ul>\n<\/div>\n<\/div>\n\n\n\n<div class=\"wp-block-columns alignwide is-layout-flex wp-container-core-columns-is-layout-9d6595d7 wp-block-columns-is-layout-flex\">\n<div class=\"wp-block-column has-pale-pink-background-color has-text-color has-background has-link-color wp-elements-7702da41461f2f0150eb5cb3f693aaab is-layout-flow wp-block-column-is-layout-flow\" style=\"color:#000000;padding-top:2em;padding-right:2em;padding-bottom:2em;padding-left:2em\">\n<h2 class=\"wp-block-heading\" id=\"single\" style=\"font-size:40px\">\u274c Focalizarnos en la dependencia como \u00fanica realidad <\/h2>\n\n\n\n<p class=\"has-normal-font-size\" style=\"line-height:1.5\"><strong>Poner <strong>demasiado foco en las residencias <\/strong>con personas mayores enfermas, <strong>acent\u00faa la discriminaci\u00f3n<\/strong>.<\/strong><\/p>\n\n\n\n<p>Con demasiada frecuencia, cuando se habla de personas mayores, se da visibilidad a las personas que viven en centros residenciales. <\/p>\n\n\n\n<p>Esto s\u00f3lo ayuda a potenciar la visi\u00f3n de la dependencia como \u00fanica realidad, de las enfermedades y las limitaciones que pueden tener algunas personas mayores, dejando de lado a las personas que conservan la salud y les permite seguir con sus vidas.<\/p>\n<\/div>\n\n\n\n<div class=\"wp-block-column has-light-green-cyan-background-color has-text-color has-background has-link-color wp-elements-3384aba82382cc9be5fa088bd4dbafda is-layout-flow wp-block-column-is-layout-flow\" style=\"color:#000000;padding-top:2em;padding-right:2em;padding-bottom:2em;padding-left:2em\">\n<h2 class=\"wp-block-heading\" id=\"family\" style=\"font-size:40px\">\u2705 Mostrar los diferentes niveles de calidad de vida<\/h2>\n\n\n\n<p class=\"has-normal-font-size\" style=\"line-height:1.5\"><strong>Es necesario mostrar el <strong>amplio espectro de formas diferentes de envejecer, los diferentes niveles de calidad de vida<\/strong> y poner foco en la buena salud que tienen muchas personas mayores.<\/strong><\/p>\n\n\n\n<p>A menudo se muestran im\u00e1genes dram\u00e1ticas, mayores con enfermedades, con dependencias&#8230;<\/p>\n\n\n\n<p>Im\u00e1genes ilustrativas de una parte de la realidad, pero no identifica ni representa a las personas mayores activas y saludables. <\/p>\n\n\n\n<p>Es necesario reflejar la vida cotidiana de las personas que tienen un envejecimiento normal y satisfactorio, con el fin de ser realistas con el proceso de envejecimiento y crear referentes positivos de lo que significa envejecer.<\/p>\n<\/div>\n<\/div>\n\n\n\n<div class=\"wp-block-columns is-layout-flex wp-container-core-columns-is-layout-9d6595d7 wp-block-columns-is-layout-flex\">\n<div class=\"wp-block-column is-layout-flow wp-block-column-is-layout-flow\" style=\"flex-basis:100%\">\n<div class=\"wp-block-buttons hidden is-layout-flex wp-block-buttons-is-layout-flex\">\n<div class=\"wp-block-button\"><a class=\"wp-block-button__link has-white-color has-vivid-purple-background-color has-text-color has-background wp-element-button\" href=\"https:\/\/www.somseniors.com\/web_es\/convencionalismos-sociales\/\">Convencionalismos sociales<\/a><\/div>\n\n\n\n<div class=\"wp-block-button\"><a class=\"wp-block-button__link has-white-color has-text-color has-background wp-element-button\" href=\"https:\/\/www.somseniors.com\/web_es\/la-salud-y-las-personas-mayores\/\" style=\"background-color:#08851b\">Salud<\/a><\/div>\n\n\n\n<div class=\"wp-block-button\"><a class=\"wp-block-button__link has-white-color has-luminous-vivid-orange-background-color has-text-color has-background wp-element-button\" href=\"https:\/\/www.somseniors.com\/web_es\/estilo-de-vida-de-las-personas-mayores\/\">Estilo de vida<\/a><\/div>\n\n\n\n<div class=\"wp-block-button\"><a class=\"wp-block-button__link has-white-color has-vivid-cyan-blue-background-color has-text-color has-background wp-element-button\" href=\"https:\/\/www.somseniors.com\/web_es\/desarrollo-cognitivo-de-las-persones-mayores\/\">Desarrollo cognitivo<\/a><\/div>\n\n\n\n<div class=\"wp-block-button\"><a class=\"wp-block-button__link has-white-color has-vivid-red-background-color has-text-color has-background wp-element-button\" href=\"https:\/\/www.somseniors.com\/web_es\/desarrollo-emocional-de-las-personas-mayores\/\">Desarrollo emocional<\/a><\/div>\n<\/div>\n<\/div>\n<\/div>\n\n\n\n<p><\/p>\n","protected":false},"excerpt":{"rendered":"<p>No se puede tratar el envejecimiento como una enfermedad, sino como una etapa de la vida en la que la enfermedad puede aparecer. Robert Butler \u274c Considerar el envejecimiento como sin\u00f3nimo de enfermedad La mirada asistencialista, creyendo que la enfermedad &hellip; <\/p>\n","protected":false},"author":2,"featured_media":0,"parent":0,"menu_order":0,"comment_status":"closed","ping_status":"closed","template":"","meta":{"footnotes":""},"class_list":["post-439","page","type-page","status-publish","hentry"],"_links":{"self":[{"href":"https:\/\/www.somseniors.com\/web_es\/wp-json\/wp\/v2\/pages\/439","targetHints":{"allow":["GET"]}}],"collection":[{"href":"https:\/\/www.somseniors.com\/web_es\/wp-json\/wp\/v2\/pages"}],"about":[{"href":"https:\/\/www.somseniors.com\/web_es\/wp-json\/wp\/v2\/types\/page"}],"author":[{"embeddable":true,"href":"https:\/\/www.somseniors.com\/web_es\/wp-json\/wp\/v2\/users\/2"}],"replies":[{"embeddable":true,"href":"https:\/\/www.somseniors.com\/web_es\/wp-json\/wp\/v2\/comments?post=439"}],"version-history":[{"count":6,"href":"https:\/\/www.somseniors.com\/web_es\/wp-json\/wp\/v2\/pages\/439\/revisions"}],"predecessor-version":[{"id":788,"href":"https:\/\/www.somseniors.com\/web_es\/wp-json\/wp\/v2\/pages\/439\/revisions\/788"}],"wp:attachment":[{"href":"https:\/\/www.somseniors.com\/web_es\/wp-json\/wp\/v2\/media?parent=439"}],"curies":[{"name":"wp","href":"https:\/\/api.w.org\/{rel}","templated":true}]}}